((-28)/10 - -3). Calculate s(o).
-13
Let s(w) = w**3 - w**2 + w - 6. Let f be (-6)/(-36) - 242/12. Let i = f - -20. Calculate s(i).
-6
Let a(v) be the third derivative of v**5/15 + v**4/12 - v**3/6 - 2*v**2 + 1. Determine a(-2).
11
Let x(i) = i**2 - 8*i + 5. Let g = 25 - 25. Suppose g = 5*z + z - 36. Calculate x(z).
-7
Let s = 13272 - 13268. Let h(y) = -2*y**3 - y. Let o be h(-1). Let i(t) = -o*t + t**2 + 0 - 1 - 4. Determine i(s).
-1
Let j(z) = -z**3 + 10*z**2 - 3*z + 5. Let h be (10 - -1) + 2*(-1)/2. Calculate j(h).
-25
Let u(v) = 7*v - 1. Let k = -129 + 135. Suppose 4*i - 20 = -k*i. What is u(i)?
13
Let n(h) be the second derivative of -h**4/12 + h**2/2 - 2412*h. Suppose 0 = r + 2*j - 8, -6*r - 3*j = -3*r - 9. Determine n(r).
-3
Let y be (-15)/((6/4)/(-1)). Let q(a) = 1 + 0 - 2*a - y*a**3 + 4*a. Let n = -190 - -189. Give q(n).
9
Let a(b) = -b**2 - 5*b + 1. Let t be 10/(-12)*-15 - (-5)/10. Suppose 55 - t = -7*p. What is a(p)?
-5
Let t(g) = -2*g + 2. Let h(u) = 13 + 2*u - 3 + 3*u - u**3 - 4*u**2 - 3*u. Let s be h(-4). Calculate t(s).
-2
Let d(b) = b**2 - 9*b + 11. Let l be d(8). Let h(a) = -5*a + l*a + a + 4*a. What is h(-4)?
-12
Let v(n) = 2*n**3 - n**2 + n + 1. Let i = -281 - -282. Give v(i).
3
Suppose -a - 4*a = -5. Let u = -411 - -413. Suppose 0 = f + a - u. Let v(j) = 5*j**2 + j - 1. What is v(f)?
5
Suppose 0 = 7*c - 129 - 11. Suppose p - 4*p = 5*u - 15, 2*u + 4*p = c. Let l be (-1)/(-4)*4*u. Let r(g) = g**2 - g + 7. Determine r(l).
7
Let p(x) = -3*x**3 - 4*x**2 + x + 8. Let w(m) = -m**3 + m + 1. Let z(s) = p(s) - 4*w(s). Let b be (-4)/(-6) + 14/6. Give z(b).
-14
Let p = 61 - 58. Let n(j) = j**p - 9 - 2*j**2 + 3 + 3*j + 6. Calculate n(2).
6
Let c(m) = 13*m**2 - 9*m + 19. Let t(l) = -15*l**2 + 8*l - 20. Let g(v) = -7*c(v) - 6*t(v). Determine g(14).
1
Let w(f) be the first derivative of f**2/2 - 32*f + 194. Calculate w(0).
-32
Let l(w) = 5*w**3 + 25*w**2 - 26*w + 8. Let i(c) = -c**3 - 6*c**2 + 6*c - 2. Let o(s) = 9*i(s) + 2*l(s). Calculate o(3).
-5
Suppose 413*x - 180 = 423*x. Let p(q) = q**2 + 21*q + 45. Calculate p(x).
-9
Let l(h) = -2*h + 12*h**2 - 14*h**3 + 0*h - 6 + 4 - 3. Let s(o) = 5*o**3 - 4*o**2 + o + 2. Let f(q) = 4*l(q) + 11*s(q). What is f(5)?
-8
Let o = -4 - -7. Let r(q) = q**2 - 6*q - 4 - o + 0*q**2. Suppose 0 = -14*z + 5*z + 45. What is r(z)?
-12
Suppose 2*s + 2 = 0, -4*z + s = -7*z + 38. Suppose -4*h - 5*p - z = 9, 5*h + p = -17. Let i(o) = -o**3 - 2*o**2 + 2*o + 1. Determine i(h).
4
Let m be (-3 - (-7 - -3))*(1 + 15). Suppose -5*x = -x + m. Let u(z) = -z - 4. What is u(x)?
0
Let m(c) be the second derivative of -c**7/840 - c**6/90 - c**5/60 + 2*c**3/3 - 11*c. Let i(h) be the second derivative of m(h). Determine i(-4).
8
Suppose -5*i - 20 = 5*i. Let h = -3 - i. Let c(v) = -7*v**2 - 1. Calculate c(h).
-8
Let y(i) = -i**3 + 3*i**2 + 19*i + 15. Let n(f) = f**3 - 4*f**2 - 21*f - 16. Let r(s) = -5*n(s) - 6*y(s). Calculate r(-4).
-6
Let w(d) = -3*d. Let q = -3 + 5. Suppose -16 = -q*j - 2*j. Suppose 3*o - j = -1. Determine w(o).
-3
Suppose 9*i = -92 + 29. Let u(m) be the second derivative of -4*m + m**3 + 0 + 1/12*m**4 - 3/2*m**2. Determine u(i).
4
Let g(z) = -z**3 - 13*z**2 + 28*z - 27. Let i be g(-15). Let t(w) = 33*w - 30*w + w**2 + i - 9. Let m be -1 - -1*4*-1. What is t(m)?
4
Let l(y) = y**3 + 6*y**2 + 2*y - 21. Suppose 11 = -n + 3*s - 0*s, n - s + 7 = 0. What is l(n)?
-6
Let a(h) = -h - 5. Let x be a(-7). Let f(o) = -x + 1 + 6*o**2 - 5*o - 102*o**3 + 101*o**3. What is f(5)?
-1
Let u = -56 - -61. Let z(r) = -3*r**2 - 15*r + 11. Let y(c) = -5*c**2 - 23*c + 16. Let t(n) = u*y(n) - 8*z(n). Determine t(6).
-14
Let o(x) be the third derivative of 7/6*x**3 + 0 + 0*x**4 + 1/60*x**5 + 1/120*x**6 + x**2 + 0*x. Calculate o(0).
7
Let k(n) = -14*n - 6. Let b(y) = -23*y - 14. Let v(s) = 6*b(s) - 10*k(s). Determine v(19).
14
Let y(h) = 8*h - 1. Let f(p) = 23*p - 3. Suppose 3*s - 10 = 8. Let r = 9 - 26. Let m(x) = r*y(x) + s*f(x). Determine m(4).
7
Let l(u) be the third derivative of 1/2*u**3 + 0*u - 1/12*u**4 - 1/120*u**6 - 23*u**2 + 0 - 1/30*u**5. Give l(-3).
18
Let r(a) = 4*a**2 - 2*a + 9*a**2 + a**3 - 19*a**2. Give r(6).
-12
Suppose -o - 7 = 3*n, 47*o + 46 = 43*o - 3*n. Let x(m) = m - 6. Give x(o).
-19
Let o(n) be the first derivative of n**3/3 + 2*n**2 - 5*n + 5. Let c be 25/(-4) + 10/40. Determine o(c).
7
Let x(u) = u**2 + 6*u - 3. Let h be x(-6). Let b(k) = -k + 15. Let p be (-14)/((-11)/(-6) + 3/18). Let g(f) = 2*f - 31. Let q(l) = h*g(l) + p*b(l). Give q(5).
-7
Let p(x) = 4*x + 2 - 6*x + x. Let l = 178 + -184. What is p(l)?
8
Let x(s) be the second derivative of s**3/6 + 5*s**2/2 + 28*s - 1. Give x(-4).
1
Suppose 3*q + o - 5*o = 2, 2*q = -4*o + 28. Suppose -4*r + q = -r. Let h be 65/(-9) - r/(-9). Let p(g) = g**3 + 6*g**2 - 5*g + 10. Determine p(h).
-4
Suppose -3*v - 4*r = -18, 4*v + 2*r = r + 24. Let x(t) be the first derivative of 7*t + 1/3*t**3 + 9 - 7/2*t**2. Determine x(v).
1
Let q(d) = -4*d - 11. Let j(n) = 7*n + 20. Let v(a) = 3*j(a) + 5*q(a). Let r(b) = b**2 + 9*b + 8. Let t be r(-8). What is v(t)?
5
Let a(x) = -229*x - x**3 + 7*x**2 - 7 - 221*x + 469*x. Give a(9).
2
Suppose p + 2*p + 2*g - 54 = 0, 4*g = -3*p + 48. Suppose -4*i = 3*a - p, 0 = i - 5*a - 8 + 26. Let s = 0 + i. Let l(z) = -3*z**2 + 4*z - 3. Give l(s).
-7
Let z(a) = -3*a**3 + 6*a**2 + 14*a + 7. Let n(h) = h**3 + 1. Let c(w) = -2*n(w) - z(w). Let f be c(8). Let p(l) = -l**2 + 8*l. Calculate p(f).
7
Let j(p) = -5*p**3 - 36*p**2 - 34*p - 54. Let u(i) = -i**3 - 7*i**2 - 7*i - 11. Let n(w) = -2*j(w) + 11*u(w). Calculate n(-4).
7
Let x(d) = -d - 1. Suppose 25 = -5*a, -2*y + 0*y + 3 = -a. Determine x(y).
0
Suppose 4*b - 5 = -b, -35 = 5*u - 5*b. Let k(t) be the first derivative of t**3/3 + 3*t**2/2 - 5*t - 561. Give k(u).
13
Let u(b) = -3 - b**2 - 2*b**2 + 5*b**3 - 4*b**3 - 4*b. Let c(f) = -f - 6. Let o be c(-10). Determine u(o).
-3
Suppose 0 = -a, 4*v - 6*v = -4*a + 20. Let c(j) = -j**2 - 12*j + 10. Determine c(v).
30
Let p(s) be the first derivative of -7*s - 6 - 1/2*s**2. Suppose 0 = 2*l + 3*l. Give p(l).
-7
Suppose 6 = 517*d - 511*d. Let u(j) = -j + 7. Let z be u(5). Let f(q) = 19*q**z - 18*q**2 - 1 + 2*q - 12*q**3 - q. What is f(d)?
-11
Let w(p) = p**2 + p. Let y be 39/(-91) + 62/14. Suppose -l + 0*l + 21 = -y*h, -3*l + 27 = -3*h. Calculate w(h).
12
Suppose -2*p - 3*p = 0. Suppose -3*o + 5*k + 25 = -p, 5*o - 15 = 3*k. Let n(q) = -q + 4. Let b(x) = 5*x - 20. Let m(v) = 2*b(v) + 11*n(v). Determine m(o).
4
Suppose y + 3*c - 2 = 0, -2*y + 4 = -3*c + c. Let f be y/1*4*-1. Let k be (-6 + 9)*f/(-6). Let s(q) = -q**3 + 5*q**2 - 5*q - 3. Determine s(k).
-7
Let h = -16 + 19. Suppose 2*w - 2 = 3*z, -12 = h*w + 5*z - 2*z. Let d(q) = 14*q - 8. Let l(p) = -5*p + 3. Let u(t) = -4*d(t) - 11*l(t). Determine u(w).
1
Let a(x) = 110*x + 7. Let j(s) = -39*s - 2. Let o(u) = -6*a(u) - 17*j(u). Determine o(4).
4
Let d(p) = -2*p**2 + 2*p + 6. Suppose 15 = 2*z - 3*z - 5*j, -5*z - 3*j = 9. Calculate d(z).
6
Let k = -26 - -32. Let h(j) be the third derivative of -j**4/24 + 5*j**3/6 - 3*j**2. Give h(k).
-1
Let r(j) = 3*j - 2. Suppose -d - 9 = 4*m, 0 = 5*d - 5*m - 8 - 22. What is r(d)?
7
Let j(f) be the second derivative of f**4/12 - 5*f**3/6 - 5*f**2 + f. Let i(t) = 8*t**2 + 6*t + 5. Let b be i(-1). What is j(b)?
4
Let r(a) = -a**3 + 10*a**2 + 5*a - 5. Let h(u) = -u**3 + 9*u**2 + 4*u - 4. Let q(b) = 4*h(b) - 3*r(b). Let x = 11 + -7. Let w be x - 4*4/(-8). What is q(w)?
5
Let j(r) = -r**3 - 4*r**2 + 5*r + 1. Let y(g) = -g**2 - 2*g + 5. Let s be y(0). Suppose 4*t + 9 = -s*v - 1, 0 = 3*v - 6. What is j(t)?
1
Let a(k) = k**2 + 7*k + 7. Suppose -3*p = -6*p. Let c(l) = -2*l + 1. Let f be c(-1). Suppose -j + 4*w + 6 = p, -j - 4*w + f*w = 9. Give a(j).
1
Let t = -227 - -232. Let v(m) = 4*m - 7. Determine v(t).
13
Let g(w) = 12*w + 2. Suppose -5*t + 0 = 5*x + 5, 5*t + 3*x + 7 = 0. Give g(t).
-22
Let i(t) be the second derivative of 0*t**3 + 3/2*t**2 + 21*t + 0 - 1/12*t**4. Determine i(4).
-13
Let u(x) be the second derivative of -4*x + 0 - 1/2*x**3 + 1/2*x**2. Let b be -2*((-2 - -1) + 2). Give u(b).
7
Let m(d) = -d**3 + 8*d**2 + 9*d - 12. Let c be m(9). Let h be 75/12 + 3/c. Let y(b) = 8*b + 4*b - b**3 - h - 5*b - 5*b**2. Determine y(-6).
-12
Let z(r) = -r + 6 + 1 - 6 + 0. Give z(-6).
7
Let u(g) 